{"id":12,"date":"2010-02-20T22:30:10","date_gmt":"2010-02-20T22:30:10","guid":{"rendered":"http:\/\/www.fleetkonzepte.de\/web\/?page_id=12"},"modified":"2023-02-10T15:15:47","modified_gmt":"2023-02-10T14:15:47","slug":"wir-uber-uns","status":"publish","type":"page","link":"https:\/\/www.fleetkonzepte.de\/web\/wir-uber-uns\/","title":{"rendered":"Partner des Autohauses"},"content":{"rendered":"\n\n\t\t\t<h1>Partner des Autohauses<\/h1>\t\t\t\n\t\t\t\t<p>Wir betreuen bundesweit einzelne Autoh\u00e4user und Filialbetriebe &#8211; markengebundene und freie Werkst\u00e4tten. Als Dienstleister des Autohauses unterst\u00fctzen wir Sie bei der professionellen Abwicklung entstandener Forderungen aus Unfallsch\u00e4den. Wir unterst\u00fctzen Sie technisch und kaufm\u00e4nnisch dabei, dass Ihre berechtigten Anspr\u00fcche auch schnellstm\u00f6glich bezahlt werden k\u00f6nnen.<\/p>\n\t<p>Verbesserte Liquidit\u00e4t<\/p>\n\t<p>Optimierte Prozesskosten<\/p>\n\t<p>Verringertes Ausfallrisiko<\/p>\n\t<p>H\u00f6here Kundenbindung<\/p>\n<h3>\n\t\tVorteile f\u00fcr Ihren Kunden\n\t<\/h3>\n\t<p>FLEETKONZEPTE ist Ihr Dienstleister f\u00fcr den b\u00fcrokratischen Bereich der Schadenregulierung (Reparaturkosten\u00fcbernahme, Kontrolle von Rechnungspositionen f\u00fcr die Forderungen gegen\u00fcber der Versicherung, technische Bewertung des Gutachtens auf Vollst\u00e4ndigkeit und Inhalt, Einholung aller f\u00fcr die Abwicklung notwendigen Unterlagen und Ansprechpartner bei R\u00fcckfragen.<\/p>\n<p>FLEETKONZEPTE \u00fcberwacht auf Wunsch ggf. mit dem vom Kunden beauftragten Rechtsanw\u00e4lten die Abwicklung.<\/p>\n<p>FLEETKONZEPTE \u00fcberwacht kaufm\u00e4nnisch die ordnungsgem\u00e4\u00dfe Abwicklung incl. Zahlungslauf gegen\u00fcber der Versicherung. Alle weiteren Schritte \u00fcbernehmen Ihre Rechtsanw\u00e4lte, die sich qualifiziert mit der rechtlichen Abwicklung von Unfallsch\u00e4den besch\u00e4ftigen und hier immer \u00fcber die aktuelle Rechtsauffassung informieren und somit den Kunden auch in problematischen F\u00e4llen helfen k\u00f6nnen.<\/p>\n<p>Durch den Einsatz von modernen Kommunikationsmitteln (Telefon, Fax, E-Mail) bleibt ihr Kunde r\u00e4umlich und zeitlich unabh\u00e4ngig.<\/p>\n<h3>\n\t\tVorteile f\u00fcr Ihr Unternehmen\n\t<\/h3>\n\tUnser Unternehmen arbeitet unter anderem mit den<br \/>\nService-Werkst\u00e4tten der Marken folgender Hersteller zusammen:<br \/>\nz.B. BMW, MINI, Audi, Volkswagen, Opel, Ford, KIA, Fiat, Jaguar, Land Rover, Volvo\n<p>Kennen Sie genau die Kosten pro Gesch\u00e4ftsvorfall?<\/p>\n<ul>\n<li>Bei uns gibt es keine langen vertragliche Bindungen<\/li>\n<li>Wir erheben nur eine geringe Aufwandspauschale<\/li>\n<li>Es fallen keine weiteren versteckten Kosten f\u00fcr Sie an<\/li>\n<li>Dank monatlicher Sammelrechnung behalten Sie leicht den \u00dcberblick<\/li>\n<li>Unsere Kostentransparenz schafft kalkulierbare Kosten f\u00fcr Ihr Unternehmen<\/li>\n<\/ul>\n<h3>Ihre Vorteile im Detail:<\/h3>\n<p><strong>Verbesserte Liquidit\u00e4t<\/strong><\/p>\n<ul>\n<li>Vorschuss f\u00fcr das Autohaus \u00fcber das Schadengutachten<\/li>\n<li>Max. 21 Tage Zahlungsziel f\u00fcr Versicherung<\/li>\n<li>Aktive \u00dcberwachung der Zahlungsfristen<\/li>\n<li>Aktives Mahnwesen<\/li>\n<\/ul>\n<p><strong>Optimierte Prozesskosten<\/strong><\/p>\n<ul>\n<li>Abwicklung \u00fcber Online-Tool mit Erstellung der Sicherungsabtretung<\/li>\n<li>Wir sind Vermittler und Ansprechpartner zwischen Versicherung und den anspruchsberechtigten Parteien<\/li>\n<li>Keine Telefonate mehr mit der Versicherung<\/li>\n<li>RK\u00dc wird \u00fcber FLEETKONZEPTE eingeholt<\/li>\n<li>Reduzierung der Aufw\u00e4nde und Kosten bei der Bearbeitung von Rechnungsk\u00fcrzungen seitens der Versicherung<\/li>\n<li>Professionelle und rechtssichere Schrifts\u00e4tze \u00fcber unsere Kooperationsanw\u00e4lte<\/li>\n<li>Mehrwertsteuer und Selbstbeteiligung wird \u00fcber FLEETKONZEPTE eingeholt<\/li>\n<\/ul>\n<p><strong>Verringertes Ausfallrisiko<\/strong><\/p>\n<ul>\n<li>Entfall unberechtigter Rechnungsk\u00fcrzungen seitens der Versicherung<\/li>\n<li>Argumentationssicherheit durch professionelle Schrifts\u00e4tze und Bezugnahme auf die aktuelle Rechtsprechungen<\/li>\n<\/ul>\n<p><strong>H\u00f6here Kundenbindung<\/strong><\/p>\n<ul>\n<li>FLEETKONZEPTE \u00fcbernimmt f\u00fcr Ihren Kunden kostenlos die komplette Schadenabwicklung<\/li>\n<li>Durchsetzen aller Rechtsanspr\u00fcche Ihres Kunden gegen\u00fcber der Versicherung \u00fcber unsere Kooperationsanw\u00e4lte<\/li>\n<li>Kundengutschrift als Anreiz f\u00fcr Folgegesch\u00e4fte<\/li>\n<li>Neutralit\u00e4t gegen\u00fcber dem Kunden:<br \/>\nBerechtigte K\u00fcrzungen werden dem Kunden von uns erl\u00e4utert.<\/li>\n<\/ul>\n\n","protected":false},"excerpt":{"rendered":"<p>Partner des Autohauses Wir betreuen bundesweit einzelne Autoh\u00e4user und Filialbetriebe &#8211; markengebundene und freie Werkst\u00e4tten. Als Dienstleister des Autohauses unterst\u00fctzen wir Sie bei der professionellen Abwicklung entstandener Forderungen aus Unfallsch\u00e4den. Wir unterst\u00fctzen Sie technisch und kaufm\u00e4nnisch dabei, dass Ihre berechtigten Anspr\u00fcche auch schnellstm\u00f6glich bezahlt werden k\u00f6nnen. Verbesserte Liquidit\u00e4t Optimierte Prozesskosten Verringertes Ausfallrisiko H\u00f6here Kundenbindung Vorteile [&hellip;]<\/p>\n","protected":false},"author":1,"featured_media":0,"parent":0,"menu_order":5,"comment_status":"closed","ping_status":"open","template":"","meta":{"site-sidebar-layout":"default","site-content-layout":"default","ast-site-content-layout":"default","site-content-style":"default","site-sidebar-style":"default","ast-global-header-display":"","ast-banner-title-visibility":"","ast-main-header-display":"","ast-hfb-above-header-display":"","ast-hfb-below-header-display":"","ast-hfb-mobile-header-display":"","site-post-title":"disabled","ast-breadcrumbs-content":"","ast-featured-img":"","footer-sml-layout":"","theme-transparent-header-meta":"enabled","adv-header-id-meta":"","stick-header-meta":"default","header-above-stick-meta":"","header-main-stick-meta":"","header-below-stick-meta":"","astra-migrate-meta-layouts":"default","ast-page-background-enabled":"default","ast-page-background-meta":{"desktop":{"background-color":"","background-image":"","background-repeat":"repeat","background-position":"center center","background-size":"auto","background-attachment":"scroll","background-type":"","background-media":"","overlay-type":"","overlay-color":"","overlay-opacity":"","overlay-gradient":""},"tablet":{"background-color":"","background-image":"","background-repeat":"repeat","background-position":"center center","background-size":"auto","background-attachment":"scroll","background-type":"","background-media":"","overlay-type":"","overlay-color":"","overlay-opacity":"","overlay-gradient":""},"mobile":{"background-color":"","background-image":"","background-repeat":"repeat","background-position":"center center","background-size":"auto","background-attachment":"scroll","background-type":"","background-media":"","overlay-type":"","overlay-color":"","overlay-opacity":"","overlay-gradient":""}},"ast-content-background-meta":{"desktop":{"background-color":"var(--ast-global-color-5)","background-image":"","background-repeat":"repeat","background-position":"center center","background-size":"auto","background-attachment":"scroll","background-type":"","background-media":"","overlay-type":"","overlay-color":"","overlay-opacity":"","overlay-gradient":""},"tablet":{"background-color":"var(--ast-global-color-5)","background-image":"","background-repeat":"repeat","background-position":"center center","background-size":"auto","background-attachment":"scroll","background-type":"","background-media":"","overlay-type":"","overlay-color":"","overlay-opacity":"","overlay-gradient":""},"mobile":{"background-color":"var(--ast-global-color-5)","background-image":"","background-repeat":"repeat","background-position":"center center","background-size":"auto","background-attachment":"scroll","background-type":"","background-media":"","overlay-type":"","overlay-color":"","overlay-opacity":"","overlay-gradient":""}}},"_links":{"self":[{"href":"https:\/\/www.fleetkonzepte.de\/web\/wp-json\/wp\/v2\/pages\/12"}],"collection":[{"href":"https:\/\/www.fleetkonzepte.de\/web\/wp-json\/wp\/v2\/pages"}],"about":[{"href":"https:\/\/www.fleetkonzepte.de\/web\/wp-json\/wp\/v2\/types\/page"}],"author":[{"embeddable":true,"href":"https:\/\/www.fleetkonzepte.de\/web\/wp-json\/wp\/v2\/users\/1"}],"replies":[{"embeddable":true,"href":"https:\/\/www.fleetkonzepte.de\/web\/wp-json\/wp\/v2\/comments?post=12"}],"version-history":[{"count":10,"href":"https:\/\/www.fleetkonzepte.de\/web\/wp-json\/wp\/v2\/pages\/12\/revisions"}],"predecessor-version":[{"id":896,"href":"https:\/\/www.fleetkonzepte.de\/web\/wp-json\/wp\/v2\/pages\/12\/revisions\/896"}],"wp:attachment":[{"href":"https:\/\/www.fleetkonzepte.de\/web\/wp-json\/wp\/v2\/media?parent=12"}],"curies":[{"name":"wp","href":"https:\/\/api.w.org\/{rel}","templated":true}]}}